{"id":463,"date":"2024-09-14T21:29:37","date_gmt":"2024-09-14T21:29:37","guid":{"rendered":"https:\/\/offhedda.no\/?page_id=463"},"modified":"2025-06-03T00:32:14","modified_gmt":"2025-06-02T22:32:14","slug":"forside","status":"publish","type":"page","link":"https:\/\/offhedda.no\/","title":{"rendered":"Forside"},"content":{"rendered":"\n<figure class=\"wp-block-image size-full\"><img loading=\"lazy\" decoding=\"async\" width=\"835\" height=\"135\" src=\"https:\/\/offhedda.no\/wp-content\/uploads\/2025\/05\/datoer-copy.png\" alt=\"\" class=\"wp-image-639\" srcset=\"https:\/\/offhedda.no\/wp-content\/uploads\/2025\/05\/datoer-copy.png 835w, https:\/\/offhedda.no\/wp-content\/uploads\/2025\/05\/datoer-copy-300x49.png 300w, https:\/\/offhedda.no\/wp-content\/uploads\/2025\/05\/datoer-copy-768x124.png 768w\" sizes=\"auto, (max-width: 835px) 100vw, 835px\" \/><\/figure>\n\n\n\n<figure class=\"wp-block-image aligncenter size-full\"><a href=\"https:\/\/offhedda.no\/index.php\/billetter\/\"><img loading=\"lazy\" decoding=\"async\" width=\"573\" height=\"82\" src=\"https:\/\/offhedda.no\/wp-content\/uploads\/2025\/05\/billetter-copy.png\" alt=\"\" class=\"wp-image-650\" srcset=\"https:\/\/offhedda.no\/wp-content\/uploads\/2025\/05\/billetter-copy.png 573w, https:\/\/offhedda.no\/wp-content\/uploads\/2025\/05\/billetter-copy-300x43.png 300w\" sizes=\"auto, (max-width: 573px) 100vw, 573px\" \/><\/a><\/figure>\n\n\n\n<div class=\"wp-block-query alignwide is-layout-constrained wp-block-query-is-layout-constrained\"><ul class=\"columns-3 alignwide wp-block-post-template is-layout-grid wp-container-core-post-template-is-layout-6d3fbd8f wp-block-post-template-is-layout-grid\"><li class=\"wp-block-post post-617 post type-post status-publish format-standard has-post-thumbnail hentry category-program-2025\">\n<figure style=\"width:100%;height:318px;\" class=\"wp-block-post-featured-image\"><a href=\"https:\/\/offhedda.no\/index.php\/2025\/06\/02\/vaersagod-off-hedda\/\" target=\"_self\"  style=\"height:318px\"><img loading=\"lazy\" decoding=\"async\" width=\"1080\" height=\"1350\" src=\"https:\/\/offhedda.no\/wp-content\/uploads\/2025\/04\/10.JUNI-45-2.png\" class=\"attachment-post-thumbnail size-post-thumbnail wp-post-image\" alt=\"V\u00e6rs\u00e5god + Off-Hedda\" style=\"height:318px;object-fit:cover;\" srcset=\"https:\/\/offhedda.no\/wp-content\/uploads\/2025\/04\/10.JUNI-45-2.png 1080w, https:\/\/offhedda.no\/wp-content\/uploads\/2025\/04\/10.JUNI-45-2-240x300.png 240w, https:\/\/offhedda.no\/wp-content\/uploads\/2025\/04\/10.JUNI-45-2-819x1024.png 819w, https:\/\/offhedda.no\/wp-content\/uploads\/2025\/04\/10.JUNI-45-2-768x960.png 768w\" sizes=\"auto, (max-width: 1080px) 100vw, 1080px\" \/><\/a><\/figure>\n\n<h2 class=\"wp-block-post-title has-x-large-font-size\"><a href=\"https:\/\/offhedda.no\/index.php\/2025\/06\/02\/vaersagod-off-hedda\/\" target=\"_self\" >V\u00e6rs\u00e5god + Off-Hedda<\/a><\/h2>\n\n<div class=\"wp-block-post-excerpt\"><p class=\"wp-block-post-excerpt__excerpt\">Velkommen til sesongens siste V\u00e6rs\u00e5god! Vi er stolte over \u00e5 kunne arrangere denne runden i samarbeid med Off-Hedda!&nbsp; Her kan du som skuespiller fremf\u00f8re selvvalgt materiale i valgfri sjanger foran et publikum. Er det noe du \u00f8nsker \u00e5 teste ut? \u00d8nsker du \u00e5 vise en teaser av et lengre stykke som kommer i fremtiden? \u00d8nsker&hellip; <\/p><\/div>\n<\/li><li class=\"wp-block-post post-612 post type-post status-publish format-standard has-post-thumbnail hentry category-program-2025\">\n<figure style=\"width:100%;height:318px;\" class=\"wp-block-post-featured-image\"><a href=\"https:\/\/offhedda.no\/index.php\/2025\/06\/02\/platons-drikkegilde\/\" target=\"_self\"  style=\"height:318px\"><img loading=\"lazy\" decoding=\"async\" width=\"1080\" height=\"1080\" src=\"https:\/\/offhedda.no\/wp-content\/uploads\/2025\/04\/platon-copy.png\" class=\"attachment-post-thumbnail size-post-thumbnail wp-post-image\" alt=\"Platons drikkegilde\" style=\"height:318px;object-fit:cover;\" srcset=\"https:\/\/offhedda.no\/wp-content\/uploads\/2025\/04\/platon-copy.png 1080w, https:\/\/offhedda.no\/wp-content\/uploads\/2025\/04\/platon-copy-300x300.png 300w, https:\/\/offhedda.no\/wp-content\/uploads\/2025\/04\/platon-copy-1024x1024.png 1024w, https:\/\/offhedda.no\/wp-content\/uploads\/2025\/04\/platon-copy-150x150.png 150w, https:\/\/offhedda.no\/wp-content\/uploads\/2025\/04\/platon-copy-768x768.png 768w\" sizes=\"auto, (max-width: 1080px) 100vw, 1080px\" \/><\/a><\/figure>\n\n<h2 class=\"wp-block-post-title has-x-large-font-size\"><a href=\"https:\/\/offhedda.no\/index.php\/2025\/06\/02\/platons-drikkegilde\/\" target=\"_self\" >Platons drikkegilde<\/a><\/h2>\n\n<div class=\"wp-block-post-excerpt\"><p class=\"wp-block-post-excerpt__excerpt\">Platons drikkegilde&nbsp;Samtaler om kj\u00e6rlighet&nbsp; Du vet den festen alle snakker om?&nbsp; \u00abPlatons Symposion\u00bb,\u202feller \u00abDrikkegildet i Athen\u00bb, er et av Platons mest kjente verk. Han beskriver en sagnomsust fest der gjestene holdt taler om kj\u00e6rlighet. Spesielt talen til Sokrates har f\u00e5tt mye oppmerksomhet i ettertid. Sokrates forteller om den kloke Diotima, kvinnen som l\u00e6rte ham \u00e5&hellip; <\/p><\/div>\n<\/li><li class=\"wp-block-post post-546 post type-post status-publish format-standard has-post-thumbnail hentry category-program-2025\">\n<figure style=\"width:100%;height:318px;\" class=\"wp-block-post-featured-image\"><a href=\"https:\/\/offhedda.no\/index.php\/2025\/06\/02\/dodsvitner\/\" target=\"_self\"  style=\"height:318px\"><img loading=\"lazy\" decoding=\"async\" width=\"1080\" height=\"1080\" src=\"https:\/\/offhedda.no\/wp-content\/uploads\/2025\/04\/dodsvitner-copy.png\" class=\"attachment-post-thumbnail size-post-thumbnail wp-post-image\" alt=\"D\u00f8dsvitner\" style=\"height:318px;object-fit:cover;\" srcset=\"https:\/\/offhedda.no\/wp-content\/uploads\/2025\/04\/dodsvitner-copy.png 1080w, https:\/\/offhedda.no\/wp-content\/uploads\/2025\/04\/dodsvitner-copy-300x300.png 300w, https:\/\/offhedda.no\/wp-content\/uploads\/2025\/04\/dodsvitner-copy-1024x1024.png 1024w, https:\/\/offhedda.no\/wp-content\/uploads\/2025\/04\/dodsvitner-copy-150x150.png 150w, https:\/\/offhedda.no\/wp-content\/uploads\/2025\/04\/dodsvitner-copy-768x768.png 768w\" sizes=\"auto, (max-width: 1080px) 100vw, 1080px\" \/><\/a><\/figure>\n\n<h2 class=\"wp-block-post-title has-x-large-font-size\"><a href=\"https:\/\/offhedda.no\/index.php\/2025\/06\/02\/dodsvitner\/\" target=\"_self\" >D\u00f8dsvitner<\/a><\/h2>\n\n<div class=\"wp-block-post-excerpt\"><p class=\"wp-block-post-excerpt__excerpt\">Tanker om d\u00f8den og etterlivet Fem mennesker, fra fem forskjellige steder og situasjoner, med ulike erfaringer. De kunne v\u00e6rt hvem som helst av oss. De har \u00e9n ting til felles: et \u00f8nske om \u00e5 vite hva som skjer etter d\u00f8den. \u00c5 revaluere livet. \u00c5 erstatte frykt med forst\u00e5else, trygghet og lettelse. Noen har mer tid&hellip; <\/p><\/div>\n<\/li><li class=\"wp-block-post post-556 post type-post status-publish format-standard has-post-thumbnail hentry category-program-2025\">\n<figure style=\"width:100%;height:318px;\" class=\"wp-block-post-featured-image\"><a href=\"https:\/\/offhedda.no\/index.php\/2025\/06\/02\/hedda-gambler\/\" target=\"_self\"  style=\"height:318px\"><img loading=\"lazy\" decoding=\"async\" width=\"1080\" height=\"1080\" src=\"https:\/\/offhedda.no\/wp-content\/uploads\/2025\/04\/heddagambler-copy.png\" class=\"attachment-post-thumbnail size-post-thumbnail wp-post-image\" alt=\"Hedda Gambler\" style=\"height:318px;object-fit:cover;\" srcset=\"https:\/\/offhedda.no\/wp-content\/uploads\/2025\/04\/heddagambler-copy.png 1080w, https:\/\/offhedda.no\/wp-content\/uploads\/2025\/04\/heddagambler-copy-300x300.png 300w, https:\/\/offhedda.no\/wp-content\/uploads\/2025\/04\/heddagambler-copy-1024x1024.png 1024w, https:\/\/offhedda.no\/wp-content\/uploads\/2025\/04\/heddagambler-copy-150x150.png 150w, https:\/\/offhedda.no\/wp-content\/uploads\/2025\/04\/heddagambler-copy-768x768.png 768w\" sizes=\"auto, (max-width: 1080px) 100vw, 1080px\" \/><\/a><\/figure>\n\n<h2 class=\"wp-block-post-title has-x-large-font-size\"><a href=\"https:\/\/offhedda.no\/index.php\/2025\/06\/02\/hedda-gambler\/\" target=\"_self\" >Hedda Gambler<\/a><\/h2>\n\n<div class=\"wp-block-post-excerpt\"><p class=\"wp-block-post-excerpt__excerpt\">Hedda Gambler er en humorforestilling til \u00e6re for Hedda Gabler. 5 unge kvinner har lest, skrevet, tullet, t\u00f8yset, vasket, t\u00f8rket og vridd hodene sine for \u00e5 forst\u00e5 seg p\u00e5 denne mye omtalte kvinnen. Hedda Gambler er et spill p\u00e5 Hedda Gabler. Er handlingen egentlig satt i stein? M\u00e5 det v\u00e6re s\u00e5 j\u00e6vlig trad og trist?&hellip; <\/p><\/div>\n<\/li><li class=\"wp-block-post post-562 post type-post status-publish format-standard has-post-thumbnail hentry category-program-2025\">\n<figure style=\"width:100%;height:318px;\" class=\"wp-block-post-featured-image\"><a href=\"https:\/\/offhedda.no\/index.php\/2025\/06\/02\/skrubbsar\/\" target=\"_self\"  style=\"height:318px\"><img loading=\"lazy\" decoding=\"async\" width=\"1080\" height=\"1080\" src=\"https:\/\/offhedda.no\/wp-content\/uploads\/2025\/04\/Skrubbsar-copy.png\" class=\"attachment-post-thumbnail size-post-thumbnail wp-post-image\" alt=\"Skrubbs\u00e5r\" style=\"height:318px;object-fit:cover;\" srcset=\"https:\/\/offhedda.no\/wp-content\/uploads\/2025\/04\/Skrubbsar-copy.png 1080w, https:\/\/offhedda.no\/wp-content\/uploads\/2025\/04\/Skrubbsar-copy-300x300.png 300w, https:\/\/offhedda.no\/wp-content\/uploads\/2025\/04\/Skrubbsar-copy-1024x1024.png 1024w, https:\/\/offhedda.no\/wp-content\/uploads\/2025\/04\/Skrubbsar-copy-150x150.png 150w, https:\/\/offhedda.no\/wp-content\/uploads\/2025\/04\/Skrubbsar-copy-768x768.png 768w\" sizes=\"auto, (max-width: 1080px) 100vw, 1080px\" \/><\/a><\/figure>\n\n<h2 class=\"wp-block-post-title has-x-large-font-size\"><a href=\"https:\/\/offhedda.no\/index.php\/2025\/06\/02\/skrubbsar\/\" target=\"_self\" >Skrubbs\u00e5r<\/a><\/h2>\n\n<div class=\"wp-block-post-excerpt\"><p class=\"wp-block-post-excerpt__excerpt\">&laquo;Skrubbs\u00e5r&raquo; er en perspektivskiftende forestilling med det viktige budskapet om verdien av \u00e5 kommunisere med de rundt seg n\u00e5r man har det tungt. I denne forestillingen m\u00f8ter vi tre kompiser som har hver sin historie og hver sine utfordringer. De tre karakterene representerer henholdsvis temaene&nbsp;&#8216;l\u00e6revansker&#8217;,&nbsp;&#8216;skilte foreldre&#8217;, og&nbsp;&#8216;\u00f8konomiske vanskeligheter i familien&#8217;.&nbsp; I l\u00f8pet av forestillingen ser&hellip; <\/p><\/div>\n<\/li><li class=\"wp-block-post post-603 post type-post status-publish format-standard has-post-thumbnail hentry category-program-2025\">\n<figure style=\"width:100%;height:318px;\" class=\"wp-block-post-featured-image\"><a href=\"https:\/\/offhedda.no\/index.php\/2025\/06\/02\/bibbys-bonanza-of-the-bizarre\/\" target=\"_self\"  style=\"height:318px\"><img loading=\"lazy\" decoding=\"async\" width=\"1080\" height=\"1080\" src=\"https:\/\/offhedda.no\/wp-content\/uploads\/2025\/04\/bibby-copy.png\" class=\"attachment-post-thumbnail size-post-thumbnail wp-post-image\" alt=\"Bibby&#8217;s Bonanza of the Bizarre\" style=\"height:318px;object-fit:cover;\" srcset=\"https:\/\/offhedda.no\/wp-content\/uploads\/2025\/04\/bibby-copy.png 1080w, https:\/\/offhedda.no\/wp-content\/uploads\/2025\/04\/bibby-copy-300x300.png 300w, https:\/\/offhedda.no\/wp-content\/uploads\/2025\/04\/bibby-copy-1024x1024.png 1024w, https:\/\/offhedda.no\/wp-content\/uploads\/2025\/04\/bibby-copy-150x150.png 150w, https:\/\/offhedda.no\/wp-content\/uploads\/2025\/04\/bibby-copy-768x768.png 768w\" sizes=\"auto, (max-width: 1080px) 100vw, 1080px\" \/><\/a><\/figure>\n\n<h2 class=\"wp-block-post-title has-x-large-font-size\"><a href=\"https:\/\/offhedda.no\/index.php\/2025\/06\/02\/bibbys-bonanza-of-the-bizarre\/\" target=\"_self\" >Bibby&#8217;s Bonanza of the Bizarre<\/a><\/h2>\n\n<div class=\"wp-block-post-excerpt\"><p class=\"wp-block-post-excerpt__excerpt\">Welcome to an Open Stage that celebrates the gloriously strange, the wonderfully weird and the beautifully bizarre across all performing arts disciplines.&nbsp; Artists working in the fields of physical theatre, dance, butoh, clowning, experimental music, installation art and MORE are invited to use this open stage to showcase their strangest material in front of a&hellip; <\/p><\/div>\n<\/li><li class=\"wp-block-post post-559 post type-post status-publish format-standard has-post-thumbnail hentry category-program-2025\">\n<figure style=\"width:100%;height:318px;\" class=\"wp-block-post-featured-image\"><a href=\"https:\/\/offhedda.no\/index.php\/2025\/06\/02\/dupon-police-trainer\/\" target=\"_self\"  style=\"height:318px\"><img loading=\"lazy\" decoding=\"async\" width=\"1080\" height=\"1080\" src=\"https:\/\/offhedda.no\/wp-content\/uploads\/2025\/04\/dupontpolicetrainer-copy.png\" class=\"attachment-post-thumbnail size-post-thumbnail wp-post-image\" alt=\"Dupon Police Trainer\" style=\"height:318px;object-fit:cover;\" srcset=\"https:\/\/offhedda.no\/wp-content\/uploads\/2025\/04\/dupontpolicetrainer-copy.png 1080w, https:\/\/offhedda.no\/wp-content\/uploads\/2025\/04\/dupontpolicetrainer-copy-300x300.png 300w, https:\/\/offhedda.no\/wp-content\/uploads\/2025\/04\/dupontpolicetrainer-copy-1024x1024.png 1024w, https:\/\/offhedda.no\/wp-content\/uploads\/2025\/04\/dupontpolicetrainer-copy-150x150.png 150w, https:\/\/offhedda.no\/wp-content\/uploads\/2025\/04\/dupontpolicetrainer-copy-768x768.png 768w\" sizes=\"auto, (max-width: 1080px) 100vw, 1080px\" \/><\/a><\/figure>\n\n<h2 class=\"wp-block-post-title has-x-large-font-size\"><a href=\"https:\/\/offhedda.no\/index.php\/2025\/06\/02\/dupon-police-trainer\/\" target=\"_self\" >Dupon Police Trainer<\/a><\/h2>\n\n<div class=\"wp-block-post-excerpt\"><p class=\"wp-block-post-excerpt__excerpt\">Dupon Police Trainer handler om politimannen Dupon. Han er en fransk klovn som trener opp politi, og hans oppdrag er \u00e5 beskytte, tjene og l\u00e6re deg en lekse. Forestillingen varer i omtrent&nbsp;50 minutter. Den er bygd opp som en forelesning og best\u00e5r av ulike leksjoner (totalt 6) ispedd noen f\u00e5 ekstra scener, som presentasjonen av&hellip; <\/p><\/div>\n<\/li><li class=\"wp-block-post post-565 post type-post status-publish format-standard has-post-thumbnail hentry category-program-2025\">\n<figure style=\"width:100%;height:318px;\" class=\"wp-block-post-featured-image\"><a href=\"https:\/\/offhedda.no\/index.php\/2025\/06\/02\/dalle\/\" target=\"_self\"  style=\"height:318px\"><img loading=\"lazy\" decoding=\"async\" width=\"1080\" height=\"1080\" src=\"https:\/\/offhedda.no\/wp-content\/uploads\/2025\/04\/DALLE-copy.png\" class=\"attachment-post-thumbnail size-post-thumbnail wp-post-image\" alt=\"D\u00e5lle\" style=\"height:318px;object-fit:cover;\" srcset=\"https:\/\/offhedda.no\/wp-content\/uploads\/2025\/04\/DALLE-copy.png 1080w, https:\/\/offhedda.no\/wp-content\/uploads\/2025\/04\/DALLE-copy-300x300.png 300w, https:\/\/offhedda.no\/wp-content\/uploads\/2025\/04\/DALLE-copy-1024x1024.png 1024w, https:\/\/offhedda.no\/wp-content\/uploads\/2025\/04\/DALLE-copy-150x150.png 150w, https:\/\/offhedda.no\/wp-content\/uploads\/2025\/04\/DALLE-copy-768x768.png 768w\" sizes=\"auto, (max-width: 1080px) 100vw, 1080px\" \/><\/a><\/figure>\n\n<h2 class=\"wp-block-post-title has-x-large-font-size\"><a href=\"https:\/\/offhedda.no\/index.php\/2025\/06\/02\/dalle\/\" target=\"_self\" >D\u00e5lle<\/a><\/h2>\n\n<div class=\"wp-block-post-excerpt\"><p class=\"wp-block-post-excerpt__excerpt\">D\u00e5lle, b\u00e5let p\u00e5 s\u00f8rsamisk, er en visuell familieforestilling for barn fra 7 \u00e5r og oppover. Forestillingen handler om en jente som mister sin mor og hennes reise for \u00e5 finne igjen sin egen styrke i sin s\u00f8rsamiske identitet. Forestillingen tar for seg fornorskningsprosessen og dens konsekvenser for s\u00f8rsamiske barn. Vi m\u00f8ter Sagka og moren midt&hellip; <\/p><\/div>\n<\/li><li class=\"wp-block-post post-569 post type-post status-publish format-standard has-post-thumbnail hentry category-program-2025\">\n<figure style=\"width:100%;height:318px;\" class=\"wp-block-post-featured-image\"><a href=\"https:\/\/offhedda.no\/index.php\/2025\/06\/02\/romeo-og-julie\/\" target=\"_self\"  style=\"height:318px\"><img loading=\"lazy\" decoding=\"async\" width=\"1080\" height=\"1080\" src=\"https:\/\/offhedda.no\/wp-content\/uploads\/2025\/04\/RomeoJulie-copy.png\" class=\"attachment-post-thumbnail size-post-thumbnail wp-post-image\" alt=\"Romeo og Julie\" style=\"height:318px;object-fit:cover;\" srcset=\"https:\/\/offhedda.no\/wp-content\/uploads\/2025\/04\/RomeoJulie-copy.png 1080w, https:\/\/offhedda.no\/wp-content\/uploads\/2025\/04\/RomeoJulie-copy-300x300.png 300w, https:\/\/offhedda.no\/wp-content\/uploads\/2025\/04\/RomeoJulie-copy-1024x1024.png 1024w, https:\/\/offhedda.no\/wp-content\/uploads\/2025\/04\/RomeoJulie-copy-150x150.png 150w, https:\/\/offhedda.no\/wp-content\/uploads\/2025\/04\/RomeoJulie-copy-768x768.png 768w\" sizes=\"auto, (max-width: 1080px) 100vw, 1080px\" \/><\/a><\/figure>\n\n<h2 class=\"wp-block-post-title has-x-large-font-size\"><a href=\"https:\/\/offhedda.no\/index.php\/2025\/06\/02\/romeo-og-julie\/\" target=\"_self\" >Romeo og Julie<\/a><\/h2>\n\n<div class=\"wp-block-post-excerpt\"><p class=\"wp-block-post-excerpt__excerpt\">Romeo og Julie er historiens mest kjente teaterstykke og den sterkeste kj\u00e6rlighetshistorien vi kjenner. Stykket problematiserer hvor dumt og un\u00f8dvendig krig er, n\u00e5r kj\u00e6rlighet, forst\u00e5else og vennskap faktisk alltid er en mulighet.&nbsp; K:13s oppsetning av historien er skapt med tanke p\u00e5 unge, men engasjerer like fult publikum i alle aldre. Vi vil vise Shakespeares poetikk&hellip; <\/p><\/div>\n<\/li><li class=\"wp-block-post post-609 post type-post status-publish format-standard has-post-thumbnail hentry category-program-2025\">\n<figure style=\"width:100%;height:318px;\" class=\"wp-block-post-featured-image\"><a href=\"https:\/\/offhedda.no\/index.php\/2025\/06\/02\/lavendeltake\/\" target=\"_self\"  style=\"height:318px\"><img loading=\"lazy\" decoding=\"async\" width=\"1080\" height=\"1080\" src=\"https:\/\/offhedda.no\/wp-content\/uploads\/2025\/04\/Lavendeltake-1080x1080-copy.png\" class=\"attachment-post-thumbnail size-post-thumbnail wp-post-image\" alt=\"Lavendelt\u00e5ke\" style=\"height:318px;object-fit:cover;\" srcset=\"https:\/\/offhedda.no\/wp-content\/uploads\/2025\/04\/Lavendeltake-1080x1080-copy.png 1080w, https:\/\/offhedda.no\/wp-content\/uploads\/2025\/04\/Lavendeltake-1080x1080-copy-300x300.png 300w, https:\/\/offhedda.no\/wp-content\/uploads\/2025\/04\/Lavendeltake-1080x1080-copy-1024x1024.png 1024w, https:\/\/offhedda.no\/wp-content\/uploads\/2025\/04\/Lavendeltake-1080x1080-copy-150x150.png 150w, https:\/\/offhedda.no\/wp-content\/uploads\/2025\/04\/Lavendeltake-1080x1080-copy-768x768.png 768w\" sizes=\"auto, (max-width: 1080px) 100vw, 1080px\" \/><\/a><\/figure>\n\n<h2 class=\"wp-block-post-title has-x-large-font-size\"><a href=\"https:\/\/offhedda.no\/index.php\/2025\/06\/02\/lavendeltake\/\" target=\"_self\" >Lavendelt\u00e5ke<\/a><\/h2>\n\n<div class=\"wp-block-post-excerpt\"><p class=\"wp-block-post-excerpt__excerpt\">I Lavendelt\u00e5ke f\u00f8lger vi Ida gjennom en sommerkveld hvor hun nok en gang sveiper mislykket p\u00e5 Tinder og blir forstyrret av ankomsten til det lille romvesenet. Gjennom denne sammenkomsten, blir Ida n\u00f8dt til \u00e5 m\u00f8te seg selv i d\u00f8ren, og sammen finner de (med litt tvang fra det lille romvesenet) kanskje l\u00f8sningen til Idas mislykket&hellip; <\/p><\/div>\n<\/li><li class=\"wp-block-post post-606 post type-post status-publish format-standard has-post-thumbnail hentry category-program-2025\">\n<figure style=\"width:100%;height:318px;\" class=\"wp-block-post-featured-image\"><a href=\"https:\/\/offhedda.no\/index.php\/2025\/06\/02\/herreguiden\/\" target=\"_self\"  style=\"height:318px\"><img loading=\"lazy\" decoding=\"async\" width=\"1080\" height=\"1080\" src=\"https:\/\/offhedda.no\/wp-content\/uploads\/2025\/04\/Herreguiden-copy.png\" class=\"attachment-post-thumbnail size-post-thumbnail wp-post-image\" alt=\"Herreguiden\" style=\"height:318px;object-fit:cover;\" srcset=\"https:\/\/offhedda.no\/wp-content\/uploads\/2025\/04\/Herreguiden-copy.png 1080w, https:\/\/offhedda.no\/wp-content\/uploads\/2025\/04\/Herreguiden-copy-300x300.png 300w, https:\/\/offhedda.no\/wp-content\/uploads\/2025\/04\/Herreguiden-copy-1024x1024.png 1024w, https:\/\/offhedda.no\/wp-content\/uploads\/2025\/04\/Herreguiden-copy-150x150.png 150w, https:\/\/offhedda.no\/wp-content\/uploads\/2025\/04\/Herreguiden-copy-768x768.png 768w\" sizes=\"auto, (max-width: 1080px) 100vw, 1080px\" \/><\/a><\/figure>\n\n<h2 class=\"wp-block-post-title has-x-large-font-size\"><a href=\"https:\/\/offhedda.no\/index.php\/2025\/06\/02\/herreguiden\/\" target=\"_self\" >Herreguiden<\/a><\/h2>\n\n<div class=\"wp-block-post-excerpt\"><p class=\"wp-block-post-excerpt__excerpt\">Herreguiden er en monolog av og med Andreas Dillerud Olsen. Mye av sceneteksten er inspirert av nettforumet Kvinneguiden, med teorien om at uansett hva du s\u00f8ker p\u00e5 eller etter p\u00e5 internett s\u00e5 ender du til slutt opp p\u00e5 kvinneguiden-forum. I forestillingen m\u00f8ter du en i overkant selvsikker herremann &#8211; i det minste hva det ang\u00e5r&hellip; <\/p><\/div>\n<\/li><\/ul>\n\n\n<hr class=\"wp-block-separator has-css-opacity alignwide is-style-wide\"\/>\n\n\n<\/div>\n\n\n\n<div class=\"wp-block-query alignwide is-layout-constrained wp-block-query-is-layout-constrained\"><ul class=\"columns-3 alignwide wp-block-post-template is-layout-grid wp-container-core-post-template-is-layout-6d3fbd8f wp-block-post-template-is-layout-grid\"><li class=\"wp-block-post post-592 post type-post status-publish format-standard hentry category-nyheter\">\n<h2 class=\"wp-block-post-title has-x-large-font-size\"><a href=\"https:\/\/offhedda.no\/index.php\/2025\/02\/06\/program-2025\/\" target=\"_self\" >Program 2025<\/a><\/h2>\n\n<div class=\"wp-block-post-excerpt\"><p class=\"wp-block-post-excerpt__excerpt\">\u00c5rets program er ute! <\/p><\/div>\n\n<div class=\"wp-block-post-date has-small-font-size\"><time datetime=\"2025-02-06T09:00:00+01:00\"><a href=\"https:\/\/offhedda.no\/index.php\/2025\/02\/06\/program-2025\/\">februar 6, 2025<\/a><\/time><\/div>\n<\/li><li class=\"wp-block-post post-583 post type-post status-publish format-standard hentry category-nyheter\">\n<h2 class=\"wp-block-post-title has-x-large-font-size\"><a href=\"https:\/\/offhedda.no\/index.php\/2025\/02\/05\/festivalpass\/\" target=\"_self\" >Festivalpass<\/a><\/h2>\n\n<div class=\"wp-block-post-excerpt\"><p class=\"wp-block-post-excerpt__excerpt\">Har du festivalpass hos Heddadagene? Det gjelder for Off-Hedda ogs\u00e5! <\/p><\/div>\n\n<div class=\"wp-block-post-date has-small-font-size\"><time datetime=\"2025-02-05T17:23:12+01:00\"><a href=\"https:\/\/offhedda.no\/index.php\/2025\/02\/05\/festivalpass\/\">februar 5, 2025<\/a><\/time><\/div>\n<\/li><li class=\"wp-block-post post-578 post type-post status-publish format-standard hentry category-nyheter\">\n<h2 class=\"wp-block-post-title has-x-large-font-size\"><a href=\"https:\/\/offhedda.no\/index.php\/2025\/02\/05\/programlansering\/\" target=\"_self\" >Programlansering<\/a><\/h2>\n\n<div class=\"wp-block-post-excerpt\"><p class=\"wp-block-post-excerpt__excerpt\">Torsdag 6. februar lanserer vi f\u00f8rste del av 2025-programmet! <\/p><\/div>\n\n<div class=\"wp-block-post-date has-small-font-size\"><time datetime=\"2025-02-05T17:15:55+01:00\"><a href=\"https:\/\/offhedda.no\/index.php\/2025\/02\/05\/programlansering\/\">februar 5, 2025<\/a><\/time><\/div>\n<\/li><li class=\"wp-block-post post-541 post type-post status-publish format-standard hentry category-nyheter\">\n<h2 class=\"wp-block-post-title has-x-large-font-size\"><a href=\"https:\/\/offhedda.no\/index.php\/2024\/09\/30\/sok-innen-1-desember\/\" target=\"_self\" >S\u00f8k innen 1. desember<\/a><\/h2>\n\n<div class=\"wp-block-post-excerpt\"><p class=\"wp-block-post-excerpt__excerpt\">Vil du spille p\u00e5 Off-Hedda? F\u00f8rste s\u00f8knadsfrist er 1. desember. <\/p><\/div>\n\n<div class=\"wp-block-post-date has-small-font-size\"><time datetime=\"2024-09-30T09:39:31+02:00\"><a href=\"https:\/\/offhedda.no\/index.php\/2024\/09\/30\/sok-innen-1-desember\/\">september 30, 2024<\/a><\/time><\/div>\n<\/li><li class=\"wp-block-post post-529 post type-post status-publish format-standard hentry category-nyheter\">\n<h2 class=\"wp-block-post-title has-x-large-font-size\"><a href=\"https:\/\/offhedda.no\/index.php\/2024\/09\/30\/off-hedda-har-ny-scene-i-2025\/\" target=\"_self\" >Off-Hedda har ny scene i 2025<\/a><\/h2>\n\n<div class=\"wp-block-post-excerpt\"><p class=\"wp-block-post-excerpt__excerpt\">Vi er vanvittig glade for \u00e5 annonsere at Off-Hedda 2025 arrangeres p\u00e5 teaterscenen til Ibsen Museum og Teater. <\/p><\/div>\n\n<div class=\"wp-block-post-date has-small-font-size\"><time datetime=\"2024-09-30T09:07:40+02:00\"><a href=\"https:\/\/offhedda.no\/index.php\/2024\/09\/30\/off-hedda-har-ny-scene-i-2025\/\">september 30, 2024<\/a><\/time><\/div>\n<\/li><li class=\"wp-block-post post-524 post type-post status-publish format-standard hentry category-nyheter\">\n<h2 class=\"wp-block-post-title has-x-large-font-size\"><a href=\"https:\/\/offhedda.no\/index.php\/2024\/09\/30\/frivillig\/\" target=\"_self\" >Frivillig?<\/a><\/h2>\n\n<div class=\"wp-block-post-excerpt\"><p class=\"wp-block-post-excerpt__excerpt\">Vil du v\u00e6re med \u00e5 lage festival? Vi trenger deg! <\/p><\/div>\n\n<div class=\"wp-block-post-date has-small-font-size\"><time datetime=\"2024-09-30T08:51:13+02:00\"><a href=\"https:\/\/offhedda.no\/index.php\/2024\/09\/30\/frivillig\/\">september 30, 2024<\/a><\/time><\/div>\n<\/li><\/ul>\n\n\n<hr class=\"wp-block-separator has-css-opacity alignwide is-style-wide\"\/>\n\n\n<\/div>\n\n\n\n<p><\/p>\n","protected":false},"excerpt":{"rendered":"","protected":false},"author":1,"featured_media":0,"parent":0,"menu_order":0,"comment_status":"closed","ping_status":"closed","template":"","meta":{"footnotes":""},"class_list":["post-463","page","type-page","status-publish","hentry"],"_links":{"self":[{"href":"https:\/\/offhedda.no\/index.php\/wp-json\/wp\/v2\/pages\/463","targetHints":{"allow":["GET"]}}],"collection":[{"href":"https:\/\/offhedda.no\/index.php\/wp-json\/wp\/v2\/pages"}],"about":[{"href":"https:\/\/offhedda.no\/index.php\/wp-json\/wp\/v2\/types\/page"}],"author":[{"embeddable":true,"href":"https:\/\/offhedda.no\/index.php\/wp-json\/wp\/v2\/users\/1"}],"replies":[{"embeddable":true,"href":"https:\/\/offhedda.no\/index.php\/wp-json\/wp\/v2\/comments?post=463"}],"version-history":[{"count":17,"href":"https:\/\/offhedda.no\/index.php\/wp-json\/wp\/v2\/pages\/463\/revisions"}],"predecessor-version":[{"id":672,"href":"https:\/\/offhedda.no\/index.php\/wp-json\/wp\/v2\/pages\/463\/revisions\/672"}],"wp:attachment":[{"href":"https:\/\/offhedda.no\/index.php\/wp-json\/wp\/v2\/media?parent=463"}],"curies":[{"name":"wp","href":"https:\/\/api.w.org\/{rel}","templated":true}]}}